?
25
Let h = 116 - 112. Let b = -93 + 178. Let v = b + -57. What is the greatest common factor of v and h?
4
Suppose 12*l + 3*w = 10*l + 51, -24 = -l - w. What is the highest common divisor of l and 826?
7
Suppose 9*c - 190 + 271 = 0. Let i be -2 + 9290/((-45)/c). Calculate the greatest common factor of i and 116.
116
Suppose g = -2*c + 33, -3*g - 5*c + 30 = -69. Let j = -15 + g. Let x be (0 + 9/(-5))/(j/(-60)). Calculate the highest common divisor of x and 66.
6
Let l be 1 + -1 + 2 + -60*16/(-160). What is the greatest common divisor of l and 824?
8
Let q(f) = f**2 - 44*f - 1192. Let w be q(63). Suppose -7*v + 8 = -3*v. Suppose -4 = -j - v. Calculate the greatest common divisor of j and w.
1
Let t be (-4)/32 - ((-2403)/24 - 0). Let o(i) = -i**3 - 2*i**2 + 8*i + 5. Let k be o(-5). Calculate the greatest common divisor of t and k.
20
Let x = -1607 + 1642. Let a(z) = z**2 + 12*z + 2. Let k be a(-8). Let y be (6/(-9))/(4/k). What is the highest common factor of x and y?
5
Let t(g) = 231*g - 1578. Let d be t(7). Calculate the greatest common divisor of 192 and d.
3
Let u(y) = y**3 + 3*y**2 - 12*y - 6. Let o be u(-5). Let x = 41 + -30. Suppose x*t - 119 = o*t. What is the greatest common divisor of t and 34?
17
Let t = -107 + 194. Let y(w) be the third derivative of 19*w**4/24 + w**3/6 + 10*w**2. Let q be y(3). Calculate the greatest common divisor of q and t.
29
Suppose 7*i + s - 2147 = 253, 4*s - 366 = -i. Let u(x) = x**3 - 19*x**2 + 20*x + 2. Let z be u(18). What is the highest common factor of z and i?
38
Suppose 172 + 44 = -2*d. Let h be 3246/26 - 1 - (-4)/26. Let l = h + d. What is the highest common factor of 16 and l?
16
Suppose 9898 = -36*x + 43*x. Calculate the highest common factor of x and 303.
101
Let a(v) = 2*v**2 - v - 1. Let y be a(2). Suppose 2*h = y*h - 117. Suppose -3*n = 4*l - 131 + 110, 3*n - 6 = l. Calculate the highest common divisor of l and h.
3
Let f be (-215)/(2 + 3)*(-13 - 0). Let j(x) = x**3 + 11*x**2 - 46*x - 13. Let y be j(-14). What is the highest common divisor of f and y?
43
Suppose -4*i = 3*p - 1062, 0 = -4*i - 1150*p + 1154*p + 1048. What is the greatest common divisor of i and 432?
24
Let j be 132/(-6 - -18)*(3 + 3). Calculate the greatest common divisor of j and 6.
6
Let g(d) = 48*d - 8. Suppose 5*o + 25 = 5*q, -4*q - 3*o - 7 + 13 = 0. Let s be g(q). What is the highest common divisor of s and 17?
17
Let s(l) = -2*l. Let z be s(-2). Suppose 4*x + 4 = y + 2*y, 12 = y + 4*x. Suppose -y*d + 10*d = 48. What is the greatest common divisor of z and d?
4
Let u = -21932 + 21958. What is the highest common divisor of u and 134?
2
Suppose 22*b = 33*b - 114048. Suppose -b = -21*v + 4752. Calculate the highest common factor of v and 80.
80
Let s = 1029 - 547. Let h be (-7)/(-21) - s/6. Let w be -1 + 1 + h/(-5). What is the highest common divisor of w and 24?
8
Let v be 80/280*(-4 + 60). What is the highest common factor of v and 47?
1
Let p be 5/(50/(-160)) - -45. Calculate the greatest common divisor of p and 38309.
29
Let j be 3/(-15*(-10)/54000). Calculate the greatest common divisor of j and 24.
24
Suppose -55650 - 12607 = -212*y + 502235. What is the highest common divisor of y and 351?
117
Suppose -27*f + 23*f = -208. Suppose f*x - 41*x - 2024 = 0. Calculate the greatest common factor of x and 46.
46
Let d = -70 - -87. Suppose -5*c = 15, 0 = -4*m + 5*c + d + 14. What is the greatest common factor of m and 16?
4
Let b be ((-5)/1)/((54/(-9))/(-11976)*-2). Calculate the highest common factor of b and 40.
10
Suppose -2*w + 4*w - 32 = 0. Suppose -65*d = 30*d - 4560. What is the highest common divisor of w and d?
16
Let l = -749 - -617. Let y = l + 182. What is the greatest common factor of 80 and y?
10
Let w = 1936 - 1361. Calculate the highest common divisor of 46 and w.
23
Suppose -5*l - 5*b - 2060 = 0, 4 + 2 = 2*b. Let w = l - -423. What is the highest common factor of w and 88?
8
Let v be 842 - (10 + -3 - 1/1). Calculate the highest common divisor of 66 and v.
22
Suppose 5*k - 1918 = -7*h + 8*h, -3*k + 1146 = -3*h. Suppose 5*c = 4*x + 124, -11*c + 13*c + 5*x - 43 = 0. Calculate the greatest common divisor of k and c.
24
Suppose 99*x = -34*x + 118503. What is the highest common divisor of x and 759?
33
Let j = 18727 - 16991. Calculate the highest common divisor of 728 and j.
56
Let j = 51 - 11. Suppose -16*x = -24*x + j. Let k be (x - 1 - 8)*(-98)/8. What is the highest common factor of 7 and k?
7
Suppose -507 = -7*v + 819 - 150. Let h = -3 - -11. What is the highest common divisor of h and v?
8
Let w = 226 - 221. Suppose w*k - 38 = -4*j, 4*k + 5*j - 4 - 21 = 0. What is the highest common divisor of 410 and k?
10
Let t = 21657 + -19794. What is the greatest common divisor of 391 and t?
23
Suppose 130*y = 13727 + 7203. What is the highest common divisor of y and 138?
23
Let a(w) = 2*w**2 + w - 2. Let l be a(-2). Let r(u) = -155*u - 2933. Let h be r(-19). What is the highest common divisor of h and l?
4
Suppose 8*q = 3*q + 260. Let b(i) = 5*i**2 + 594*i - 107. Let u be b(-119). What is the greatest common divisor of q and u?
4
Suppose 0 = w - 1, 9 = 2*f + 3*w - 8*w. Let z(k) = 2*k**3 - 2*k**2 - 1. Suppose -5*s = -45 + 35. Let h be z(s). What is the greatest common factor of f and h?
7
Let c be 6/(-1)*(-32)/12. Let l(p) = p**2 - 24*p - 29. Let u be l(11). Let h = u + 180. What is the highest common divisor of c and h?
8
Let y be (-22)/44*(-164)/2. Suppose -2*t = -5*g + 140 - 24, t = -2*g + y. Let r be (g - 23) + 1 + 7. What is the highest common divisor of 77 and r?
7
Suppose 9*s = s - 96. Let v = s - -16. Suppose -v*q + 3*l + 1 + 82 = 0, 4*q = 4*l + 88. Calculate the greatest common divisor of q and 153.
17
Suppose -53*p + 3105 = 1939. Let d be (-20)/5*(-242)/4. What is the highest common factor of d and p?
22
Let x be (68172/234)/(5/(60/8) + 0). What is the greatest common divisor of 1403 and x?
23
Suppose 5*t + 4*k = 7*t - 8, 2*t = k + 5. Let r(v) = v**3 - v**2 + 6*v - 6. Let q be r(t). Calculate the greatest common divisor of 640 and q.
10
Let x be 59 - ((-144)/(-792) + 13/(-11)). What is the greatest common divisor of 5295 and x?
15
Let f(v) = 3*v**2 - 17*v + 3729. Let n be f(0). Calculate the greatest common factor of 55 and n.
11
Let c be (2 - 5) + (-54)/((-27)/(-3)). Let s be 9 - c/72*0. Calculate the greatest common divisor of s and 171.
9
Let x = -53 + 70. Suppose 5 = -w + x. What is the highest common factor of w and 24?
12
Let d = 119 + -12. Let c = 179 - d. Calculate the highest common factor of 18 and c.
18
Let q be (-10)/44*-564 - (-13 - (-3335)/253). What is the highest common divisor of q and 152?
8
Let f = 1511 - 1371. What is the highest common factor of f and 1316?
28
Suppose 39*u - 72 = -s + 42*u, u = -4. Suppose 19*c - 12*c - 1155 = 0. Calculate the greatest common factor of s and c.
15
Let m(l) = -11*l - 2. Let t(a) = -12*a - 1. Let p(c) = -5*m(c) + 4*t(c). Let j = 13998 - 13996. Let h be p(j). Calculate the highest common divisor of 20 and h.
20
Let c = -82 + 61. Let r be (108*1)/(c/(-14)). Calculate the greatest common factor of r and 8.
8
Let r be 47/(-141)*(-1026)/1. Calculate the greatest common divisor of 703 and r.
19
Let u(i) be the first derivative of 27*i - 5/2*i**2 + 27. Let o be u(0). What is the highest common factor of o and 297?
27
Let a = 14294 + -13758. What is the highest common factor of a and 7906?
134
Let r = -709 + 785. Suppose 0 = -78*z + r*z + 40. Calculate the greatest common divisor of 20 and z.
20
Let f(q) = q**2 + 10*q - 33. Let t be f(-19). Suppose 2 = 4*r - t. Let g be (-10)/r + -236*(-10)/28. Calculate the greatest common factor of g and 21.
21
Suppose 0 = -64*n + 73*n - 54. Suppose -3*g = 4*a + 13, n*a + 8 = 4*g + 5*a. What is the greatest common divisor of g and 7?
1
Suppose 58*r + 4*w + 21 = 59*r, w - 21 = -5*r. Suppose r*z + z = 6. What is the greatest common divisor of z and 14?
1
Let u = 1950 + -739. Calculate the highest common factor of u and 1557.
173
Let f be (456/285)/(2/90) - -8*1. Suppose 205 = 2*b + 3*k, 3*k = -5*b + 59 + 476. Calculate the highest common factor of f and b.
10
Let y be ((-138)/4)/((-84)/56). Suppose -4*z = 4*t + 36, -z - 26 = 2*z + 4*t. Let i = y - z. Calculate the greatest common divisor of 11 and i.
11
Let h be 208/(-40)*(-1 - (-15